 52?
26
What is the greatest common divisor of 68820 and 370?
370
Calculate the highest common factor of 324 and 2616.
12
Calculate the highest common divisor of 1053 and 39.
39
Calculate the highest common divisor of 910 and 17680.
130
Calculate the greatest common divisor of 148 and 333.
37
Calculate the greatest common factor of 854 and 3782.
122
What is the greatest common factor of 1852 and 4?
4
Calculate the highest common factor of 430 and 170.
10
What is the greatest common divisor of 33 and 803?
11
What is the greatest common divisor of 316 and 4187?
79
Calculate the greatest common divisor of 770 and 10.
10
What is the greatest common divisor of 4068 and 108?
36
What is the greatest common factor of 7 and 43841?
7
Calculate the highest common divisor of 19 and 1653.
19
Calculate the highest common factor of 3224 and 1352.
104
Calculate the greatest common divisor of 5630 and 10.
10
Calculate the highest common factor of 28596 and 12.
12
What is the highest common factor of 102 and 442?
34
What is the highest common divisor of 4189 and 118?
59
What is the highest common divisor of 5546 and 118?
118
What is the highest common factor of 1661 and 55?
11
Calculate the highest common divisor of 1953 and 126.
63
Calculate the greatest common divisor of 980 and 20.
20
What is the greatest common divisor of 2300 and 184?
92
Calculate the greatest common factor of 104 and 6942.
26
What is the highest common factor of 49 and 350?
7
Calculate the highest common factor of 5710 and 10.
10
Calculate the highest common factor of 18144 and 405.
81
What is the greatest common divisor of 2268 and 900?
36
Calculate the greatest common divisor of 96 and 60.
12
What is the highest common factor of 235 and 5?
5
What is the greatest common factor of 11 and 605?
11
Calculate the highest common factor of 358 and 17363.
179
Calculate the highest common divisor of 16 and 56.
8
What is the greatest common factor of 648 and 96?
24
What is the greatest common divisor of 95 and 9158?
19
Calculate the greatest common factor of 58 and 725.
29
Calculate the highest common factor of 117 and 3900.
39
Calculate the highest common divisor of 35 and 4235.
35
What is the highest common divisor of 39425 and 50?
25
What is the highest common divisor of 7428 and 84?
12
Calculate the highest common divisor of 36 and 27.
9
What is the greatest common factor of 3 and 21?
3
Calculate the greatest common divisor of 25 and 125.
25
Calculate the greatest common factor of 1251 and 18.
9
What is the highest common factor of 224 and 161?
7
What is the highest common factor of 60 and 2985?
15
Calculate the greatest common divisor of 60 and 540.
60
What is the greatest common divisor of 5643 and 54?
27
What is the highest common factor of 84 and 13622?
14
Calculate the greatest common factor of 55 and 9449.
11
What is the highest common divisor of 893 and 188?
47
Calculate the greatest common divisor of 1 and 125.
1
What is the highest common divisor of 1012 and 44?
44
What is the highest common factor of 468 and 36?
36
What is the highest common divisor of 594 and 66?
66
What is the highest common divisor of 240 and 528?
48
Calculate the greatest common factor of 552 and 48.
24
Calculate the greatest common factor of 25 and 53525.
25
Calculate the greatest common factor of 39 and 13.
13
What is the greatest common divisor of 820 and 140?
20
Calculate the greatest common divisor of 324 and 729.
81
Calculate the highest common factor of 42 and 3542.
14
Calculate the highest common divisor of 10804 and 74.
74
Calculate the greatest common divisor of 512 and 8.
8
What is the highest common factor of 2 and 69?
1
What is the highest common factor of 3 and 10671?
3
Calculate the greatest common factor of 342 and 3002.
38
What is the highest common factor of 144 and 99?
9
Calculate the greatest common factor of 51 and 1632.
51
Calculate the greatest common factor of 144 and 1323.
9
What is the greatest common divisor of 40 and 1300?
20
Calculate the greatest common factor of 20 and 22.
2
What is the greatest common factor of 37 and 1?
1
Calculate the greatest common factor of 41 and 1.
1
What is the highest common divisor of 104 and 57928?
104
What is the highest common divisor of 56 and 56?
56
Calculate the highest common divisor of 175 and 3297.
7
What is the highest common divisor of 18 and 27?
9
Calculate the greatest common factor of 28 and 868.
28
What is the greatest common divisor of 45 and 1635?
15
What is the greatest common divisor of 377 and 58?
29
Calculate the greatest common divisor of 611 and 47.
47
What is the highest common factor of 11 and 2563?
11
What is the highest common divisor of 4117 and 46?
23
What is the greatest common factor of 470 and 10?
10
What is the highest common factor of 218 and 4796?
218
What is the greatest common factor of 238 and 84?
14
What is the highest common factor of 42 and 126?
42
Calculate the greatest common divisor of 255 and 51.
51
What is the greatest common factor of 2034 and 12?
6
What is the greatest common factor of 100 and 650?
50
What is the highest common factor of 24479 and 91?
91
What is the highest common factor of 129 and 731?
43
What is the greatest common divisor of 762 and 6?
6
Calculate the highest common divisor of 4144 and 128.
16
What is the greatest common factor of 9 and 14571?
9
Calculate the highest common factor of 7500 and 6.
6
Calculate the highest common divisor of 16 and 4324.
4
What is the highest common factor of 530 and 40015?
265
What is the highest common factor of 25 and 475?
25
What is the greatest common factor of 232 and 8?
8
What is the greatest common factor of 31 and 62?
31
What is the greatest common factor of 71 and 19951?
71
Calculate the highest common factor of 5 and 245.
5
What is the highest common divisor of 620 and 220?
20
Calculate the highest common factor of 810 and 370.
10
Calculate the greatest common factor of 140 and 45710.
70
Calculate the highest common divisor of 39 and 897.
39
What is the highest common factor of 122 and 2074?
122
What is the greatest common factor of 256 and 4?
4
Calculate the highest common divisor of 42 and 1722.
42
Calculate the greatest common factor of 289 and 12.
1
What is the highest common factor of 352 and 64?
32
What is the greatest common factor of 22 and 1034?
22
Calculate the highest common factor of 321 and 22577.
107
Calculate the greatest common divisor of 6623 and 37.
37
Calculate the greatest common divisor of 3127 and 1.
1
What is the greatest common divisor of 10 and 1990?
10
What is the greatest common factor of 450 and 810?
90
What is the highest common divisor of 462 and 1914?
66
What is the highest common factor of 17631 and 27?
27
Calculate the greatest common divisor of 11662 and 306.
34
Calculate the highest common divisor of 16 and 176.
16
Calculate the highest common divisor of 3 and 9.
3
What is the highest common factor of 222 and 1073?
37
Calculate the greatest common factor of 2831 and 76.
19
Calculate the greatest common factor of 198 and 36.
18
Calculate the highest common divisor of 63 and 46179.
63
Calculate the highest common factor of 3146 and 26.
26
Calculate the greatest common divisor of 26 and 1586.
26
What is the greatest common factor of 208 and 78?
26
Calculate the highest common factor of 22 and 781.
11
Calculate the greatest common divisor of 7 and 10.
1
Calculate the highest common divisor of 128 and 36.
4
Calculate the highest common divisor of 5316 and 24.
12
Calculate the highest common divisor of 385 and 14.
7
Calculate the highest common divisor of 4 and 212.
4
What is the highest common divisor of 742 and 212?
106
Calculate the highest common divisor of 5072 and 160.
16
Calculate the highest common factor of 48 and 27180.
12
What is the greatest common factor of 7408 and 16?
16
What is the greatest common divisor of 2152 and 56?
8
What is the highest common divisor of 3 and 3?
3
Calculate the greatest common divisor of 2270 and 50.
10
What is the greatest common divisor of 145 and 319?
29
Calculate the highest common factor of 48 and 204.
12
What is the highest common factor of 5 and 18895?
5
What is the highest common divisor of 121 and 968?
121
Calculate the greatest common divisor of 228 and 152.
76
Calcu